00 = -2*f - o*f. Calculate the greatest common factor of f and 15.
15
Suppose -3*d - 5*s = 2 + 12, 3*d - 26 = 5*s. Calculate the highest common divisor of d and 22.
2
Suppose 20 = -2*n - 0*n. Let c be (-5)/n*(-16)/2. Let z be 54/8 - 1/c. What is the highest common factor of 28 and z?
7
Let n(k) = k**3 - k**2 + k + 10. Let d be n(0). What is the greatest common factor of 50 and d?
10
Suppose 0 = -b + 2*b - 48. Suppose 5*i + 6 = -9. Let h(y) = -y**3 - 3*y**2 - 5*y - 3. Let k be h(i). Calculate the greatest common factor of k and b.
12
Let n be 0*(2 - 4)/4. Suppose 0 = 5*j + w - 106, n = 2*j - 0*j - 5*w - 64. What is the highest common factor of 22 and j?
22
Let m be (5/(-15))/(2/(-420)*2). Suppose -3*q + 12 = -3*d, -3*q - 2*q + 3*d = -26. What is the highest common factor of q and m?
7
Let b be (4 - 2 - -16) + 3. Calculate the highest common factor of b and 189.
21
Suppose 230 = 10*t - 110. What is the highest common factor of 102 and t?
34
Suppose 2*t + 39 = o - t, 3*t - 51 = -2*o. Let z = 3 + 0. Suppose -3*j = -15 - z. What is the greatest common divisor of o and j?
6
Suppose 49 - 17 = 2*b. Suppose -29 = -4*y + 11. Let d = 58 - y. Calculate the greatest common factor of b and d.
16
Let p = -10 - -13. Suppose p*z - 225 = -2*z. Suppose -2*t - 26 = 2*g - 66, -5*g = t - 92. Calculate the highest common divisor of g and z.
9
Suppose 3*u + 18 = -24. Let b be 2072/49 + 4/u. Let o = -241 + 346. Calculate the greatest common divisor of b and o.
21
Let u be (1*-6)/(4/(-40)). Calculate the greatest common factor of 15 and u.
15
Let m(d) = -3*d - 7. Let k be m(-5). Suppose -f = -k - 8. Let v be 2/4 + 62/4. What is the greatest common divisor of v and f?
16
Let c be (-6)/27 - (-2)/9. Suppose c = k + k - 6. Suppose -w - 6 = -k*w. Calculate the greatest common factor of w and 30.
3
Let d = 211 - 58. Calculate the highest common factor of 9 and d.
9
Suppose 0 = 2*p - h - 419, -1044 = -0*p - 5*p - h. Calculate the highest common divisor of p and 19.
19
Suppose -r + 3 = -0*r. Suppose -5*q = 15, r*q + 2 = -v - 0. Calculate the greatest common divisor of 1 and v.
1
Let d be 26 - (2/(-6))/((-8)/48). Calculate the highest common factor of d and 120.
24
Let t be (-53)/(-3) - 6/9. Let l = t + -8. Suppose -n - 90 = -6*n. What is the highest common divisor of l and n?
9
Let q = -4 - -4. Let v = q + 12. Let h be (7/3)/(2/72). What is the greatest common divisor of h and v?
12
Let l = 5 - 4. Suppose -a + l + 4 = 0. Suppose -2*g + 12 = -2*k, -k + 39 = a*g - g. What is the highest common factor of 54 and g?
9
Let q = 116 - 66. What is the greatest common factor of q and 10?
10
Suppose 2 - 4 = -2*k. Suppose 2*p + o = 17, -p - o + 2*o = -k. What is the highest common divisor of p and 30?
6
Suppose -2*h + 145 = -0*h + g, -g = -2*h + 155. Suppose 5*a - 162 = 3*p, 5*a - 129 - 17 = -p. What is the greatest common factor of h and a?
15
Suppose 32 = -0*g + 4*g. Let h = -16 - -18. Suppose -5*d + 133 = 4*i, -91 = -3*i + h*d + 3*d. What is the highest common divisor of g and i?
8
Let l(v) = -7*v - 2. Let o(d) = 6*d + 1. Let b = 0 - -5. Let a(z) = b*o(z) + 4*l(z). Let x be a(8). What is the highest common factor of x and 104?
13
Let w be (8 + -4)/(6/15 - 0). What is the greatest common divisor of 160 and w?
10
Let x be (-5)/((3 - 1)/(-2)). Suppose 218 = x*l + 2*d, 4*d - 1 = -5. What is the greatest common factor of 4 and l?
4
Suppose -m - 5 + 3 = 0, -5*s = -5*m + 6790. Let c be s/(-25) + (-4)/10. What is the highest common divisor of 18 and c?
18
Let u be (5 + -8)*14/3. Let a be (u/(-6))/((-6)/18). Let c = 1 - a. Calculate the highest common factor of c and 88.
8
Let n be 1/3 + (-29)/(-3). Suppose -2*w + 4*j - 55 = -5*w, -2*j + 2 = 0. Let g = w - n. What is the greatest common factor of g and 1?
1
Let z be 596/14 - (-36)/84. Suppose -41 = -4*x + z. Calculate the highest common divisor of x and 189.
21
Suppose 7 = a - 8. Suppose 3*w - 5*w - 6 = 0. Let z(f) = -4*f**3 - 4*f**2 + 3. Let o be z(w). Calculate the highest common divisor of o and a.
15
Suppose 3*l + 5*g - 11 = 0, -5*l - 7 = -g - 72. Suppose -2*w + 16 = -6*w, 3*w = o - 18. Calculate the highest common factor of o and l.
6
Suppose -5*s = -g - 273, -4*g + 6*g - 48 = -s. Let a(u) = 2*u + 2. Let c be a(2). Calculate the highest common divisor of s and c.
6
Let j = -94 + 206. What is the greatest common divisor of 7 and j?
7
Let s = 14 + -6. Suppose 3*g = -4*j + 88, g = 2*g + 2*j - 26. Suppose -3*l = 4*c - g, -c = -0*l - 3*l + 21. Calculate the greatest common factor of l and s.
8
Suppose f = 4 - 0. Suppose 4*h - 136 = f*d, 0 = h - 5*d - 8 - 30. Let b = h - 6. Calculate the greatest common factor of b and 3.
3
Let j(f) = -2*f**3 + 3*f**2 - f - 7. Let k be j(-3). What is the highest common divisor of 7 and k?
7
Suppose v = -3*v + 292. Let s = v - 47. Suppose 4*f + 5*i - 53 = -0*i, -2*i = 2*f - s. What is the greatest common divisor of f and 60?
12
Let v be -12 - (3 - -2 - 2). Let b = v + 27. What is the greatest common factor of 132 and b?
12
Let s = -18 + 34. What is the greatest common factor of 144 and s?
16
Let h be (45/(-18))/(2/(-32)). Suppose -4*g = h - 340. Calculate the greatest common factor of g and 15.
15
Suppose 0*h - 2*h + 54 = -2*l, -2*h = -5*l - 45. Let w be 2/4*-3*(-43 + -7). What is the greatest common factor of w and h?
15
Let n(m) = -m**2 + 16*m - 9. Let f be n(13). Suppose 4*g = g - 12, 2*b - 2*g - 20 = 0. What is the greatest common divisor of b and f?
6
Let n = 77 - 61. What is the highest common factor of 80 and n?
16
Let q be 11/66 + (-290)/12. Let b = q + 64. What is the greatest common factor of 10 and b?
10
Suppose 0 = -3*a - a. Suppose c = -a + 7. Let w(g) = g**2 + 7*g - 15. Let o be w(-13). Calculate the highest common factor of c and o.
7
Suppose -8 = -2*n, r - 3*n = 4*r - 228. Let z = -74 + 83. Calculate the greatest common divisor of z and r.
9
Let u = -149 + 267. Suppose 3*c + 33 + 9 = 2*k, 5*k - c = u. What is the highest common divisor of 96 and k?
24
Suppose 5*r + 0*i - 20 = 5*i, -r - 2 = -4*i. What is the highest common divisor of r and 2?
2
Let a = -2 + -2. Suppose f + 2*f + 3*b - 9 = 0, 0 = 4*f + 2*b - 10. Let u be f/(-4) - 98/a. Calculate the greatest common divisor of 8 and u.
8
Suppose -2*b = b - 2*c - 298, b + 4*c - 76 = 0. Calculate the greatest common factor of 12 and b.
12
Let g(b) = -b - 1. Let m be g(-5). Suppose -k = 2*k. Let f be (m/2 - k) + 5. What is the highest common divisor of 21 and f?
7
Let g be 147/(1 - 0/1). Let b be 1/(-4) + g/28. Suppose -x + b = -4. Calculate the greatest common factor of 72 and x.
9
Suppose 0*f = -f. Let k be 0 + -1 + f + 0. Let v = 27 - k. What is the greatest common factor of 4 and v?
4
Suppose -3*o + 12 = -3*x, 3*o = x - 6*x + 20. What is the greatest common factor of 1 and x?
1
Let q(s) = s**2 - 4. Suppose 4*o = -2*n - 6 - 10, -n + 4 = -4*o. Let t be q(n). Let v be (-1)/(-4) + (-862)/(-8). What is the greatest common factor of t and v?
12
Suppose 4*d - 6 = 2*d. Let g be (-40)/6*d*1. Let l = -14 - g. What is the highest common factor of 6 and l?
6
Suppose 53 = 3*i + u - 6*u, 2*u + 2 = 0. Calculate the greatest common factor of i and 32.
16
Let t be 3*((-6)/3 + 23). Suppose 3 = -3*p + t. Let g(u) = u**3 + 15*u**2 + 12*u + 2. Let x be g(-14). Calculate the greatest common factor of p and x.
10
Suppose -3*h + 35 = -13. Calculate the highest common divisor of 128 and h.
16
Suppose 16 + 54 = 5*i + 5*w, -3 = -w. Calculate the highest common divisor of i and 1.
1
Let w be 5*(16/5 - 3). Let o = 4 - w. Suppose -h + 4*s = -22, -2*s + 16 = -o*h + 7*h. What is the greatest common factor of h and 48?
6
Suppose -8*x + 2*x = -54. Calculate the greatest common factor of 126 and x.
9
Suppose -3*t = -6*k + 2*k - 9, t = -5*k + 3. Suppose 3*c - 16 - 2 = k. What is the greatest common divisor of 15 and c?
3
Let o(d) = 5*d + 1. Let n be o(-2). Let q = 43 - n. Suppose 5*j - q = -4*b + 261, b - 257 = -4*j. What is the greatest common divisor of 26 and j?
13
Suppose 0 = -4*w + 3*w + 350. Suppose -5*r + w = -3*z, 0*z - z = 0. What is the greatest common divisor of 14 and r?
14
Let h be 2/(-7) + 1865/35. Suppose -s = -4*r - h, 0*s - 38 = -s + r. What is the greatest common divisor of s and 22?
11
Let n = -36 + 40. Let d = -23 - -55. Calculate the highest common divisor of